{"id":64,"date":"2020-03-02T16:34:06","date_gmt":"2020-03-02T16:34:06","guid":{"rendered":"https:\/\/server278705.nazwa.pl\/?page_id=64"},"modified":"2026-04-17T08:02:55","modified_gmt":"2026-04-17T07:02:55","slug":"czasopismo-znak-laski","status":"publish","type":"page","link":"https:\/\/www.wsd.rzeszow.pl\/?page_id=64","title":{"rendered":"Czasopismo &#8222;Znak \u0141aski&#8221;"},"content":{"rendered":"\n<p>Czasopismo ,,Znak \u0141aski&#8221; jest pismem alumn\u00f3w WSD w Rzeszowie. Poni\u017cej znajd\u0105 Pa\u0144stwo sk\u0142ad osoby redakcji, dane kontaktowe oraz zamieszczone w formacie PDF: najnowszy numer oraz archiwalne numery.  <\/p>\n\n\n\n<p><br><strong>Zesp\u00f3\u0142 redakcyjny:<\/strong><br><br><strong>Redaktor naczelny: <\/strong>Kamil Jakubek<br><strong>Redaktorzy tematyczni: <\/strong>Konrad Bednarz, Micha\u0142 Gratkowski, Karol Krzto\u0144<br><strong>Fotoreporterzy:<\/strong> Bart\u0142omiej Dziedzic, Oskar Panasiuk<br><strong>Opiekun merytoryczny: <\/strong>ks. dr Mateusz Rachwalski<\/p>\n\n\n\n<p><strong>Kontakt:<\/strong><br>ul. Witolda 11 A<br>35 &#8211; 302 Rzesz\u00f3w<br>tel. 017 871 24 00<br>fax 017 871 24 36<\/p>\n\n\n\n<p>Najnowszy numer &#8222;Znaku \u0141aski&#8221; do pobrania:<\/p>\n\n\n\n<p>Aktualny numer: <\/p>\n\n\n\n<div data-wp-interactive=\"core\/file\" class=\"wp-block-file\"><object data-wp-bind--hidden=\"!state.hasPdfPreview\" hidden class=\"wp-block-file__embed\" data=\"https:\/\/www.wsd.rzeszow.pl\/wp-content\/uploads\/2026\/02\/Znak-Laski-2026_02-2.pdf\" type=\"application\/pdf\" style=\"width:100%;height:600px\" aria-label=\"Osadzone z Znak \u0141aski 2026_02 (2).\"><\/object><a id=\"wp-block-file--media-084c6854-6f9f-42e8-9d51-4ab77770c22d\" href=\"https:\/\/www.wsd.rzeszow.pl\/wp-content\/uploads\/2026\/02\/Znak-Laski-2026_02-2.pdf\">Znak \u0141aski 2026_02 (2)<\/a><a href=\"https:\/\/www.wsd.rzeszow.pl\/wp-content\/uploads\/2026\/02\/Znak-Laski-2026_02-2.pdf\" class=\"wp-block-file__button wp-element-button\" download aria-describedby=\"wp-block-file--media-084c6854-6f9f-42e8-9d51-4ab77770c22d\">Pobierz<\/a><\/div>\n\n\n\n<p><strong>Archiwum <\/strong>(PDF)<\/p>\n\n\n\n<p><strong>2012<\/strong><\/p>\n\n\n\n<div class=\"wp-block-file\"><a id=\"wp-block-file--media-149c5dc4-19ce-4b61-83b3-2cf0dd77c119\" href=\"https:\/\/www.wsd.rzeszow.pl\/wp-content\/uploads\/2023\/03\/Znak-Laski-1_2012.pdf\" target=\"_blank\" rel=\"noreferrer noopener\">Znak-Laski-1_2012<\/a><a href=\"https:\/\/www.wsd.rzeszow.pl\/wp-content\/uploads\/2023\/03\/Znak-Laski-1_2012.pdf\" class=\"wp-block-file__button wp-element-button\" download aria-describedby=\"wp-block-file--media-149c5dc4-19ce-4b61-83b3-2cf0dd77c119\">Pobierz<\/a><\/div>\n\n\n\n<div class=\"wp-block-file\"><a id=\"wp-block-file--media-8999aa65-2cf8-4de2-af58-42d1ad90df36\" href=\"https:\/\/www.wsd.rzeszow.pl\/wp-content\/uploads\/2023\/03\/Znak-Laski-2_2012.pdf\" target=\"_blank\" rel=\"noreferrer noopener\">Znak-Laski-2_2012<\/a><a href=\"https:\/\/www.wsd.rzeszow.pl\/wp-content\/uploads\/2023\/03\/Znak-Laski-2_2012.pdf\" class=\"wp-block-file__button wp-element-button\" download aria-describedby=\"wp-block-file--media-8999aa65-2cf8-4de2-af58-42d1ad90df36\">Pobierz<\/a><\/div>\n\n\n\n<div class=\"wp-block-file\"><a id=\"wp-block-file--media-443d3210-8b77-4417-8ac5-6caf7990fd96\" href=\"https:\/\/www.wsd.rzeszow.pl\/wp-content\/uploads\/2023\/03\/Znak-Laski-3_2012.pdf\" target=\"_blank\" rel=\"noreferrer noopener\">Znak-Laski-3_2012<\/a><a href=\"https:\/\/www.wsd.rzeszow.pl\/wp-content\/uploads\/2023\/03\/Znak-Laski-3_2012.pdf\" class=\"wp-block-file__button wp-element-button\" download aria-describedby=\"wp-block-file--media-443d3210-8b77-4417-8ac5-6caf7990fd96\">Pobierz<\/a><\/div>\n\n\n\n<p><strong>2013<\/strong><\/p>\n\n\n\n<div class=\"wp-block-file\"><a id=\"wp-block-file--media-ce8c826b-d2fc-48ed-89ad-8a0a76725493\" href=\"https:\/\/www.wsd.rzeszow.pl\/wp-content\/uploads\/2023\/03\/Znak-Laski-1_2013.pdf\" target=\"_blank\" rel=\"noreferrer noopener\">Znak-Laski-1_2013<\/a><a href=\"https:\/\/www.wsd.rzeszow.pl\/wp-content\/uploads\/2023\/03\/Znak-Laski-1_2013.pdf\" class=\"wp-block-file__button wp-element-button\" download aria-describedby=\"wp-block-file--media-ce8c826b-d2fc-48ed-89ad-8a0a76725493\">Pobierz<\/a><\/div>\n\n\n\n<div class=\"wp-block-file\"><a id=\"wp-block-file--media-e800f583-585d-4354-9e92-5910c2e605f4\" href=\"https:\/\/www.wsd.rzeszow.pl\/wp-content\/uploads\/2023\/03\/Znak-Laski-2_2013.pdf\" target=\"_blank\" rel=\"noreferrer noopener\">Znak-Laski-2_2013<\/a><a href=\"https:\/\/www.wsd.rzeszow.pl\/wp-content\/uploads\/2023\/03\/Znak-Laski-2_2013.pdf\" class=\"wp-block-file__button wp-element-button\" download aria-describedby=\"wp-block-file--media-e800f583-585d-4354-9e92-5910c2e605f4\">Pobierz<\/a><\/div>\n\n\n\n<div class=\"wp-block-file\"><a id=\"wp-block-file--media-9003b6ab-3a94-4c73-b2bd-ec552bd1011b\" href=\"https:\/\/www.wsd.rzeszow.pl\/wp-content\/uploads\/2023\/03\/Znak-Laski-3_2013.pdf\" target=\"_blank\" rel=\"noreferrer noopener\">Znak-Laski-3_2013<\/a><a href=\"https:\/\/www.wsd.rzeszow.pl\/wp-content\/uploads\/2023\/03\/Znak-Laski-3_2013.pdf\" class=\"wp-block-file__button wp-element-button\" download aria-describedby=\"wp-block-file--media-9003b6ab-3a94-4c73-b2bd-ec552bd1011b\">Pobierz<\/a><\/div>\n\n\n\n<p><strong>2014<\/strong><\/p>\n\n\n\n<div class=\"wp-block-file\"><a id=\"wp-block-file--media-b287a739-ebc1-4ef4-822d-66c52e951186\" href=\"https:\/\/www.wsd.rzeszow.pl\/wp-content\/uploads\/2023\/03\/Znak-Laski-1_2014.pdf\" target=\"_blank\" rel=\"noreferrer noopener\">Znak-Laski-1_2014<\/a><a href=\"https:\/\/www.wsd.rzeszow.pl\/wp-content\/uploads\/2023\/03\/Znak-Laski-1_2014.pdf\" class=\"wp-block-file__button wp-element-button\" download aria-describedby=\"wp-block-file--media-b287a739-ebc1-4ef4-822d-66c52e951186\">Pobierz<\/a><\/div>\n\n\n\n<div class=\"wp-block-file\"><a id=\"wp-block-file--media-4bdd05ae-b8c5-4ede-b20a-ef092378c015\" href=\"https:\/\/www.wsd.rzeszow.pl\/wp-content\/uploads\/2023\/03\/Znak-Laski-2_2014.pdf\" target=\"_blank\" rel=\"noreferrer noopener\">Znak-Laski-2_2014<\/a><a href=\"https:\/\/www.wsd.rzeszow.pl\/wp-content\/uploads\/2023\/03\/Znak-Laski-2_2014.pdf\" class=\"wp-block-file__button wp-element-button\" download aria-describedby=\"wp-block-file--media-4bdd05ae-b8c5-4ede-b20a-ef092378c015\">Pobierz<\/a><\/div>\n\n\n\n<div class=\"wp-block-file\"><a id=\"wp-block-file--media-491618dc-9f80-49f9-bb7f-dcef8ea06ca2\" href=\"https:\/\/www.wsd.rzeszow.pl\/wp-content\/uploads\/2023\/03\/Znak-Laski-3_2014.pdf\" target=\"_blank\" rel=\"noreferrer noopener\">Znak-Laski-3_2014<\/a><a href=\"https:\/\/www.wsd.rzeszow.pl\/wp-content\/uploads\/2023\/03\/Znak-Laski-3_2014.pdf\" class=\"wp-block-file__button wp-element-button\" download aria-describedby=\"wp-block-file--media-491618dc-9f80-49f9-bb7f-dcef8ea06ca2\">Pobierz<\/a><\/div>\n\n\n\n<p><strong>2015<\/strong><\/p>\n\n\n\n<div class=\"wp-block-file\"><a id=\"wp-block-file--media-1e799c07-f413-467f-b20d-72c759bf5146\" href=\"https:\/\/www.wsd.rzeszow.pl\/wp-content\/uploads\/2023\/03\/Znak-Laski-1_2015.pdf\" target=\"_blank\" rel=\"noreferrer noopener\">Znak-Laski-1_2015<\/a><a href=\"https:\/\/www.wsd.rzeszow.pl\/wp-content\/uploads\/2023\/03\/Znak-Laski-1_2015.pdf\" class=\"wp-block-file__button wp-element-button\" download aria-describedby=\"wp-block-file--media-1e799c07-f413-467f-b20d-72c759bf5146\">Pobierz<\/a><\/div>\n\n\n\n<div class=\"wp-block-file\"><a id=\"wp-block-file--media-56219fdc-20cc-466c-b743-3508fb4a19fa\" href=\"https:\/\/www.wsd.rzeszow.pl\/wp-content\/uploads\/2023\/03\/Znak-Laski-2_2015.pdf\" target=\"_blank\" rel=\"noreferrer noopener\">Znak-Laski-2_2015<\/a><a href=\"https:\/\/www.wsd.rzeszow.pl\/wp-content\/uploads\/2023\/03\/Znak-Laski-2_2015.pdf\" class=\"wp-block-file__button wp-element-button\" download aria-describedby=\"wp-block-file--media-56219fdc-20cc-466c-b743-3508fb4a19fa\">Pobierz<\/a><\/div>\n\n\n\n<div class=\"wp-block-file\"><a id=\"wp-block-file--media-cad3533c-41cb-4350-8ec9-21a60341a035\" href=\"https:\/\/www.wsd.rzeszow.pl\/wp-content\/uploads\/2023\/03\/Znak-Laski-3_2015.pdf\" target=\"_blank\" rel=\"noreferrer noopener\">Znak-Laski-3_2015<\/a><a href=\"https:\/\/www.wsd.rzeszow.pl\/wp-content\/uploads\/2023\/03\/Znak-Laski-3_2015.pdf\" class=\"wp-block-file__button wp-element-button\" download aria-describedby=\"wp-block-file--media-cad3533c-41cb-4350-8ec9-21a60341a035\">Pobierz<\/a><\/div>\n\n\n\n<p><strong>2016<\/strong><\/p>\n\n\n\n<div class=\"wp-block-file\"><a id=\"wp-block-file--media-4c833556-b32a-4424-8ce7-04e8344f0336\" href=\"https:\/\/www.wsd.rzeszow.pl\/wp-content\/uploads\/2023\/03\/Znak-Laski-1_2016.pdf\" target=\"_blank\" rel=\"noreferrer noopener\">Znak-Laski-1_2016<\/a><a href=\"https:\/\/www.wsd.rzeszow.pl\/wp-content\/uploads\/2023\/03\/Znak-Laski-1_2016.pdf\" class=\"wp-block-file__button wp-element-button\" download aria-describedby=\"wp-block-file--media-4c833556-b32a-4424-8ce7-04e8344f0336\">Pobierz<\/a><\/div>\n\n\n\n<div class=\"wp-block-file\"><a id=\"wp-block-file--media-6d42d8ad-4224-4370-b544-0236e7007770\" href=\"https:\/\/www.wsd.rzeszow.pl\/wp-content\/uploads\/2023\/03\/Znak-Laski-2_2016.pdf\" target=\"_blank\" rel=\"noreferrer noopener\">Znak-Laski-2_2016<\/a><a href=\"https:\/\/www.wsd.rzeszow.pl\/wp-content\/uploads\/2023\/03\/Znak-Laski-2_2016.pdf\" class=\"wp-block-file__button wp-element-button\" download aria-describedby=\"wp-block-file--media-6d42d8ad-4224-4370-b544-0236e7007770\">Pobierz<\/a><\/div>\n\n\n\n<div class=\"wp-block-file\"><a id=\"wp-block-file--media-40d5a7bd-1699-40a1-bd60-77e480876e13\" href=\"https:\/\/www.wsd.rzeszow.pl\/wp-content\/uploads\/2023\/03\/Znak-Laski-3_2016.pdf\" target=\"_blank\" rel=\"noreferrer noopener\">Znak-Laski-3_2016<\/a><a href=\"https:\/\/www.wsd.rzeszow.pl\/wp-content\/uploads\/2023\/03\/Znak-Laski-3_2016.pdf\" class=\"wp-block-file__button wp-element-button\" download aria-describedby=\"wp-block-file--media-40d5a7bd-1699-40a1-bd60-77e480876e13\">Pobierz<\/a><\/div>\n\n\n\n<p><strong>2017<\/strong> <\/p>\n\n\n\n<div class=\"wp-block-file\"><a id=\"wp-block-file--media-2231d360-bf13-46cc-8635-8f1bc441f5e8\" href=\"https:\/\/www.wsd.rzeszow.pl\/wp-content\/uploads\/2023\/03\/Znak-Laski-1_2017.pdf\" target=\"_blank\" rel=\"noreferrer noopener\">Znak-Laski-1_2017<\/a><a href=\"https:\/\/www.wsd.rzeszow.pl\/wp-content\/uploads\/2023\/03\/Znak-Laski-1_2017.pdf\" class=\"wp-block-file__button wp-element-button\" download aria-describedby=\"wp-block-file--media-2231d360-bf13-46cc-8635-8f1bc441f5e8\">Pobierz<\/a><\/div>\n\n\n\n<div class=\"wp-block-file\"><a id=\"wp-block-file--media-60f0f37a-814b-408a-983c-48659e23eb80\" href=\"https:\/\/www.wsd.rzeszow.pl\/wp-content\/uploads\/2023\/03\/Znak-Laski-2_2017.pdf\" target=\"_blank\" rel=\"noreferrer noopener\">Znak-Laski-2_2017<\/a><a href=\"https:\/\/www.wsd.rzeszow.pl\/wp-content\/uploads\/2023\/03\/Znak-Laski-2_2017.pdf\" class=\"wp-block-file__button wp-element-button\" download aria-describedby=\"wp-block-file--media-60f0f37a-814b-408a-983c-48659e23eb80\">Pobierz<\/a><\/div>\n\n\n\n<div class=\"wp-block-file\"><a id=\"wp-block-file--media-96eed75a-933d-4d3b-a222-a97e87d2c8f1\" href=\"https:\/\/www.wsd.rzeszow.pl\/wp-content\/uploads\/2023\/03\/Znak-Laski-3_2017.pdf\" target=\"_blank\" rel=\"noreferrer noopener\">Znak-Laski-3_2017<\/a><a href=\"https:\/\/www.wsd.rzeszow.pl\/wp-content\/uploads\/2023\/03\/Znak-Laski-3_2017.pdf\" class=\"wp-block-file__button wp-element-button\" download aria-describedby=\"wp-block-file--media-96eed75a-933d-4d3b-a222-a97e87d2c8f1\">Pobierz<\/a><\/div>\n\n\n\n<p><strong>2018<\/strong><\/p>\n\n\n\n<div class=\"wp-block-file\"><a id=\"wp-block-file--media-f1281ad2-c116-4e56-9f04-578db3923123\" href=\"https:\/\/www.wsd.rzeszow.pl\/wp-content\/uploads\/2023\/03\/Znak-Laski-1_2018.pdf\" target=\"_blank\" rel=\"noreferrer noopener\">Znak-Laski-1_2018<\/a><a href=\"https:\/\/www.wsd.rzeszow.pl\/wp-content\/uploads\/2023\/03\/Znak-Laski-1_2018.pdf\" class=\"wp-block-file__button wp-element-button\" download aria-describedby=\"wp-block-file--media-f1281ad2-c116-4e56-9f04-578db3923123\">Pobierz<\/a><\/div>\n\n\n\n<div class=\"wp-block-file\"><a id=\"wp-block-file--media-2bce3a60-c433-409d-9ffb-abe23d69ae40\" href=\"https:\/\/www.wsd.rzeszow.pl\/wp-content\/uploads\/2023\/03\/Znak-Laski-2_2018.pdf\" target=\"_blank\" rel=\"noreferrer noopener\">Znak-Laski-2_2018<\/a><a href=\"https:\/\/www.wsd.rzeszow.pl\/wp-content\/uploads\/2023\/03\/Znak-Laski-2_2018.pdf\" class=\"wp-block-file__button wp-element-button\" download aria-describedby=\"wp-block-file--media-2bce3a60-c433-409d-9ffb-abe23d69ae40\">Pobierz<\/a><\/div>\n\n\n\n<div class=\"wp-block-file\"><a id=\"wp-block-file--media-290a8786-03eb-4144-8642-943d201c2556\" href=\"https:\/\/www.wsd.rzeszow.pl\/wp-content\/uploads\/2023\/03\/Znak-Laski-3_2018.pdf\" target=\"_blank\" rel=\"noreferrer noopener\">Znak-Laski-3_2018<\/a><a href=\"https:\/\/www.wsd.rzeszow.pl\/wp-content\/uploads\/2023\/03\/Znak-Laski-3_2018.pdf\" class=\"wp-block-file__button wp-element-button\" download aria-describedby=\"wp-block-file--media-290a8786-03eb-4144-8642-943d201c2556\">Pobierz<\/a><\/div>\n\n\n\n<p><strong>2019<\/strong><\/p>\n\n\n\n<div class=\"wp-block-file\"><a id=\"wp-block-file--media-0af93ddf-4768-453e-a98e-18e793f8b302\" href=\"https:\/\/www.wsd.rzeszow.pl\/wp-content\/uploads\/2023\/03\/Znak-Laski-1_2019.pdf\" target=\"_blank\" rel=\"noreferrer noopener\">Znak-Laski-1_2019<\/a><a href=\"https:\/\/www.wsd.rzeszow.pl\/wp-content\/uploads\/2023\/03\/Znak-Laski-1_2019.pdf\" class=\"wp-block-file__button wp-element-button\" download aria-describedby=\"wp-block-file--media-0af93ddf-4768-453e-a98e-18e793f8b302\">Pobierz<\/a><\/div>\n\n\n\n<div class=\"wp-block-file\"><a id=\"wp-block-file--media-455df562-76ae-47be-8df9-88ca4eeef742\" href=\"https:\/\/www.wsd.rzeszow.pl\/wp-content\/uploads\/2023\/03\/Znak-Laski-2_2019.pdf\" target=\"_blank\" rel=\"noreferrer noopener\">Znak-Laski-2_2019<\/a><a href=\"https:\/\/www.wsd.rzeszow.pl\/wp-content\/uploads\/2023\/03\/Znak-Laski-2_2019.pdf\" class=\"wp-block-file__button wp-element-button\" download aria-describedby=\"wp-block-file--media-455df562-76ae-47be-8df9-88ca4eeef742\">Pobierz<\/a><\/div>\n\n\n\n<div class=\"wp-block-file\"><a id=\"wp-block-file--media-bb4e89fa-be93-42f9-98aa-5e5193401e07\" href=\"https:\/\/www.wsd.rzeszow.pl\/wp-content\/uploads\/2023\/03\/Znak-Laski-3_2019.pdf\" target=\"_blank\" rel=\"noreferrer noopener\">Znak-Laski-3_2019<\/a><a href=\"https:\/\/www.wsd.rzeszow.pl\/wp-content\/uploads\/2023\/03\/Znak-Laski-3_2019.pdf\" class=\"wp-block-file__button wp-element-button\" download aria-describedby=\"wp-block-file--media-bb4e89fa-be93-42f9-98aa-5e5193401e07\">Pobierz<\/a><\/div>\n\n\n\n<p><strong>2020<\/strong><\/p>\n\n\n\n<div class=\"wp-block-file\"><a id=\"wp-block-file--media-6100e58f-3166-4c90-afb2-8f524f2a1036\" href=\"https:\/\/www.wsd.rzeszow.pl\/wp-content\/uploads\/2023\/03\/Znak-Laski-1_2020.pdf\" target=\"_blank\" rel=\"noreferrer noopener\">Znak-Laski-1_2020<\/a><a href=\"https:\/\/www.wsd.rzeszow.pl\/wp-content\/uploads\/2023\/03\/Znak-Laski-1_2020.pdf\" class=\"wp-block-file__button wp-element-button\" download aria-describedby=\"wp-block-file--media-6100e58f-3166-4c90-afb2-8f524f2a1036\">Pobierz<\/a><\/div>\n\n\n\n<div class=\"wp-block-file\"><a id=\"wp-block-file--media-2084cd05-8d02-4954-9958-f2dac92e6ff0\" href=\"https:\/\/www.wsd.rzeszow.pl\/wp-content\/uploads\/2021\/12\/Znak-Laski-2-2020.pdf\" target=\"_blank\" rel=\"noreferrer noopener\">Znak-Laski-2-2020<\/a><a href=\"https:\/\/www.wsd.rzeszow.pl\/wp-content\/uploads\/2021\/12\/Znak-Laski-2-2020.pdf\" class=\"wp-block-file__button wp-element-button\" download aria-describedby=\"wp-block-file--media-2084cd05-8d02-4954-9958-f2dac92e6ff0\">Pobierz<\/a><\/div>\n\n\n\n<p><strong>2021<\/strong><\/p>\n\n\n\n<div class=\"wp-block-file\"><a id=\"wp-block-file--media-6324cdab-be0f-4bb1-a6a7-60102038c791\" href=\"https:\/\/www.wsd.rzeszow.pl\/wp-content\/uploads\/2021\/12\/Znak-Laski-1-2021.pdf\" target=\"_blank\" rel=\"noreferrer noopener\">Znak-Laski-1-2021<\/a><a href=\"https:\/\/www.wsd.rzeszow.pl\/wp-content\/uploads\/2021\/12\/Znak-Laski-1-2021.pdf\" class=\"wp-block-file__button wp-element-button\" download aria-describedby=\"wp-block-file--media-6324cdab-be0f-4bb1-a6a7-60102038c791\">Pobierz<\/a><\/div>\n\n\n\n<div class=\"wp-block-file\"><a id=\"wp-block-file--media-e42db658-fb93-4713-a8cb-ba5eade3295b\" href=\"https:\/\/www.wsd.rzeszow.pl\/wp-content\/uploads\/2021\/12\/Znak-Laski-2-2021-2.pdf\" target=\"_blank\" rel=\"noreferrer noopener\">Znak-Laski-2-2021<\/a><a href=\"https:\/\/www.wsd.rzeszow.pl\/wp-content\/uploads\/2021\/12\/Znak-Laski-2-2021-2.pdf\" class=\"wp-block-file__button wp-element-button\" download aria-describedby=\"wp-block-file--media-e42db658-fb93-4713-a8cb-ba5eade3295b\">Pobierz<\/a><\/div>\n\n\n\n<p><strong>2022<\/strong><\/p>\n\n\n\n<div class=\"wp-block-file\"><a id=\"wp-block-file--media-c868a1bc-e011-4c6f-bb16-ca541844f771\" href=\"https:\/\/www.wsd.rzeszow.pl\/wp-content\/uploads\/2022\/12\/Znak-Laski-1-2022.pdf\" target=\"_blank\" rel=\"noreferrer noopener\">Znak-Laski-1-2022<\/a><a href=\"https:\/\/www.wsd.rzeszow.pl\/wp-content\/uploads\/2022\/12\/Znak-Laski-1-2022.pdf\" class=\"wp-block-file__button wp-element-button\" download aria-describedby=\"wp-block-file--media-c868a1bc-e011-4c6f-bb16-ca541844f771\">Pobierz<\/a><\/div>\n\n\n\n<div class=\"wp-block-file\"><a id=\"wp-block-file--media-b0ae651b-8b89-4cc3-8d2c-bc4915b577cd\" href=\"https:\/\/www.wsd.rzeszow.pl\/wp-content\/uploads\/2022\/12\/Znak-Laski-2-2022.pdf\" target=\"_blank\" rel=\"noreferrer noopener\">Znak-Laski-2-2022<\/a><a href=\"https:\/\/www.wsd.rzeszow.pl\/wp-content\/uploads\/2022\/12\/Znak-Laski-2-2022.pdf\" class=\"wp-block-file__button wp-element-button\" download aria-describedby=\"wp-block-file--media-b0ae651b-8b89-4cc3-8d2c-bc4915b577cd\">Pobierz<\/a><\/div>\n\n\n\n<p><strong>2023<\/strong><\/p>\n\n\n\n<div class=\"wp-block-file\"><a id=\"wp-block-file--media-fef018b9-0979-44a4-bf73-148bd0b57103\" href=\"https:\/\/www.wsd.rzeszow.pl\/wp-content\/uploads\/2023\/06\/Znak-Laski-1-2023-1.pdf\">Znak-Laski-1-2023<\/a><a href=\"https:\/\/www.wsd.rzeszow.pl\/wp-content\/uploads\/2023\/06\/Znak-Laski-1-2023-1.pdf\" class=\"wp-block-file__button wp-element-button\" download aria-describedby=\"wp-block-file--media-fef018b9-0979-44a4-bf73-148bd0b57103\">Pobierz<\/a><\/div>\n\n\n\n<div class=\"wp-block-file\"><a id=\"wp-block-file--media-498855ad-9ab3-4903-a7a0-6d005e727793\" href=\"https:\/\/www.wsd.rzeszow.pl\/wp-content\/uploads\/2023\/12\/Znak-Laski-2-2023.pdf\">Znak-Laski-2-2023<\/a><a href=\"https:\/\/www.wsd.rzeszow.pl\/wp-content\/uploads\/2023\/12\/Znak-Laski-2-2023.pdf\" class=\"wp-block-file__button wp-element-button\" download aria-describedby=\"wp-block-file--media-498855ad-9ab3-4903-a7a0-6d005e727793\">Pobierz<\/a><\/div>\n\n\n\n<p><strong>2024<\/strong><\/p>\n\n\n\n<div class=\"wp-block-file\"><a id=\"wp-block-file--media-8cbbaef8-a5cb-496f-9bb5-7f5b23a76fe9\" href=\"https:\/\/www.wsd.rzeszow.pl\/wp-content\/uploads\/2024\/06\/Znak-Laski-1-2024.pdf\">Znak-Laski-1-2024<\/a><a href=\"https:\/\/www.wsd.rzeszow.pl\/wp-content\/uploads\/2024\/06\/Znak-Laski-1-2024.pdf\" class=\"wp-block-file__button wp-element-button\" download aria-describedby=\"wp-block-file--media-8cbbaef8-a5cb-496f-9bb5-7f5b23a76fe9\">Pobierz<\/a><\/div>\n\n\n\n<div class=\"wp-block-file\"><a id=\"wp-block-file--media-8cbbaef8-a5cb-496f-9bb5-7f5b23a76fe9\" href=\"https:\/\/www.wsd.rzeszow.pl\/wp-content\/uploads\/2024\/06\/Znak-Laski-1-2024.pdf\">Znak-Laski-1-2024<\/a><a href=\"https:\/\/www.wsd.rzeszow.pl\/wp-content\/uploads\/2024\/06\/Znak-Laski-1-2024.pdf\" class=\"wp-block-file__button wp-element-button\" download aria-describedby=\"wp-block-file--media-8cbbaef8-a5cb-496f-9bb5-7f5b23a76fe9\">Pobierz<\/a><\/div>\n\n\n\n<p><strong>2025<\/strong><\/p>\n\n\n\n<div class=\"wp-block-file\"><a id=\"wp-block-file--media-16631276-9651-452b-9994-632f8f58e04c\" href=\"https:\/\/www.wsd.rzeszow.pl\/wp-content\/uploads\/2026\/04\/Znak_Laski_1_2025_compressed-2.pdf\">Znak-\u0141aski-1-2025<\/a><a href=\"https:\/\/www.wsd.rzeszow.pl\/wp-content\/uploads\/2026\/04\/Znak_Laski_1_2025_compressed-2.pdf\" class=\"wp-block-file__button wp-element-button\" download aria-describedby=\"wp-block-file--media-16631276-9651-452b-9994-632f8f58e04c\">Pobierz<\/a><\/div>\n\n\n\n<p><strong>2026<\/strong><\/p>\n\n\n\n<div class=\"wp-block-file\"><a id=\"wp-block-file--media-9e3ac583-656c-44f2-b291-bb49cd25d6bd\" href=\"http:\/\/www.wsd.rzeszow.pl\/wp-content\/uploads\/2026\/02\/Znak-Laski-2026_02-2.pdf\">Znak-Laski-1-2026<\/a><a href=\"http:\/\/www.wsd.rzeszow.pl\/wp-content\/uploads\/2026\/02\/Znak-Laski-2026_02-2.pdf\" class=\"wp-block-file__button wp-element-button\" download aria-describedby=\"wp-block-file--media-9e3ac583-656c-44f2-b291-bb49cd25d6bd\">Pobierz<\/a><\/div>\n\n\n\n<p><\/p>\n","protected":false},"excerpt":{"rendered":"<p>Czasopismo ,,Znak \u0141aski&#8221; jest pismem alumn\u00f3w WSD w Rzeszowie. Poni\u017cej znajd\u0105 Pa\u0144stwo sk\u0142ad osoby redakcji, dane kontaktowe oraz zamieszczone w formacie PDF: najnowszy numer oraz archiwalne numery. Zesp\u00f3\u0142 redakcyjny: Redaktor naczelny: Kamil JakubekRedaktorzy tematyczni: Konrad Bednarz, Micha\u0142 Gratkowski, Karol Krzto\u0144Fotoreporterzy: Bart\u0142omiej Dziedzic, Oskar PanasiukOpiekun merytoryczny: ks. dr Mateusz Rachwalski Kontakt:ul. [&hellip;]<\/p>\n","protected":false},"author":16,"featured_media":197,"parent":0,"menu_order":0,"comment_status":"closed","ping_status":"closed","template":"","meta":{"ngg_post_thumbnail":0,"footnotes":""},"class_list":["post-64","page","type-page","status-publish","has-post-thumbnail","hentry"],"_links":{"self":[{"href":"https:\/\/www.wsd.rzeszow.pl\/index.php?rest_route=\/wp\/v2\/pages\/64","targetHints":{"allow":["GET"]}}],"collection":[{"href":"https:\/\/www.wsd.rzeszow.pl\/index.php?rest_route=\/wp\/v2\/pages"}],"about":[{"href":"https:\/\/www.wsd.rzeszow.pl\/index.php?rest_route=\/wp\/v2\/types\/page"}],"author":[{"embeddable":true,"href":"https:\/\/www.wsd.rzeszow.pl\/index.php?rest_route=\/wp\/v2\/users\/16"}],"replies":[{"embeddable":true,"href":"https:\/\/www.wsd.rzeszow.pl\/index.php?rest_route=%2Fwp%2Fv2%2Fcomments&post=64"}],"version-history":[{"count":62,"href":"https:\/\/www.wsd.rzeszow.pl\/index.php?rest_route=\/wp\/v2\/pages\/64\/revisions"}],"predecessor-version":[{"id":21635,"href":"https:\/\/www.wsd.rzeszow.pl\/index.php?rest_route=\/wp\/v2\/pages\/64\/revisions\/21635"}],"wp:featuredmedia":[{"embeddable":true,"href":"https:\/\/www.wsd.rzeszow.pl\/index.php?rest_route=\/wp\/v2\/media\/197"}],"wp:attachment":[{"href":"https:\/\/www.wsd.rzeszow.pl\/index.php?rest_route=%2Fwp%2Fv2%2Fmedia&parent=64"}],"curies":[{"name":"wp","href":"https:\/\/api.w.org\/{rel}","templated":true}]}}