{"id":38,"date":"2020-03-02T16:22:07","date_gmt":"2020-03-02T16:22:07","guid":{"rendered":"https:\/\/server278705.nazwa.pl\/?page_id=38"},"modified":"2024-05-21T15:40:14","modified_gmt":"2024-05-21T14:40:14","slug":"stowarzyszenie-przyjaciol-wsd-w-rzeszowie","status":"publish","type":"page","link":"https:\/\/www.wsd.rzeszow.pl\/?page_id=38","title":{"rendered":"Stowarzyszenie Przyjaci\u00f3\u0142 WSD w Rzeszowie"},"content":{"rendered":"\n<p>Stowarzyszenie Przyjaci\u00f3\u0142 Wy\u017cszego Seminarium Duchownego w Rzeszowie jest organizacj\u0105 katolick\u0105, kt\u00f3rej celem jest szerzenie idei Wy\u017cszego Seminarium Duchownego w Rzeszowie, troska o rozw\u00f3j powo\u0142a\u0144 kap\u0142a\u0144skich oraz niesienie pomocy duchowej poprzez modlitw\u0119 i apostolstwo. Stowarzyszenie \u015bwiadczy r\u00f3wnie\u017c nieodzown\u0105 pomoc materialn\u0105, dzi\u0119ki kt\u00f3rej rozwija si\u0119 Seminarium. <\/p>\n\n\n\n<p>Zosta\u0142o ono zarejestrowane w S\u0105dzie Wojew\u00f3dzkim w Rzeszowie 23 wrze\u015bnia 1993 r. Posiada sw\u00f3j statut i osobowo\u015b\u0107 prawn\u0105. <\/p>\n\n\n\n<p>Warunki, kt\u00f3re nale\u017cy spe\u0142ni\u0107, aby zosta\u0107 cz\u0142onkiem Stowarzyszenia: <\/p>\n\n\n\n<ul class=\"wp-block-list\">\n<li>mie\u0107 uko\u0144czone 18 lat \u017cycia, <\/li>\n\n\n\n<li>chcie\u0107 regularnie op\u0142aca\u0107 zadeklarowane sk\u0142adki (cho\u0107by symboliczne 1 z\u0142), <\/li>\n\n\n\n<li>wype\u0142ni\u0107 deklaracj\u0119 i przekaza\u0107 j\u0105 na wskazany adres. <\/li>\n<\/ul>\n\n\n\n<p>Cz\u0142onkami Stowarzyszenia mog\u0105 by\u0107 osoby fizyczne i prawne. Cz\u0142onk\u00f3w przyjmuj\u0105 oddzia\u0142y zorganizowane przy parafiach lub prezes stowarzyszenia. W kaplicy seminaryjnej odprawiane s\u0105 Msze \u015bw. w intencji \u017cyj\u0105cych i zmar\u0142ych cz\u0142onk\u00f3w stowarzyszenia. Ka\u017cdy cz\u0142onek stowarzyszenia otrzymuje regularnie czasopismo seminaryjne \u201eZnak \u0141aski\u201d. Stowarzyszenie stara si\u0119 o sw\u00f3j rozw\u00f3j przez zjednywanie nowych cz\u0142onk\u00f3w.<\/p>\n\n\n\n<p>Stowarzyszeniem Przyjaci\u00f3\u0142 WSD w Rzeszowie opiekuje si\u0119 Prezes Stowarzyszenia<strong> <\/strong>ks. Andrzej Szpaczy\u0144ski oraz alumni odpowiedzialni za pismo seminaryjne \u201eZnak \u0141aski\u201d.<\/p>\n\n\n\n<p>W celu formacji cz\u0142onk\u00f3w organizowane s\u0105 spotkania, rekolekcje, dni skupienia i pielgrzymki.<\/p>\n\n\n\n<p>Deklaracj\u0119 cz\u0142onkowsk\u0105 mo\u017cna pobra\u0107 tutaj:<\/p>\n\n\n\n<div data-wp-interactive=\"core\/file\" class=\"wp-block-file\"><object data-wp-bind--hidden=\"!state.hasPdfPreview\" hidden class=\"wp-block-file__embed\" data=\"https:\/\/www.wsd.rzeszow.pl\/wp-content\/uploads\/2024\/05\/SPWSD-w-Rzeszowie-Deklaracja.pdf\" type=\"application\/pdf\" style=\"width:100%;height:600px\" aria-label=\"Osadzone z SPWSD-w-Rzeszowie-Deklaracja.\"><\/object><a id=\"wp-block-file--media-0b8c1b4c-8f33-4b6b-88b8-411eceecb7e5\" href=\"https:\/\/www.wsd.rzeszow.pl\/wp-content\/uploads\/2024\/05\/SPWSD-w-Rzeszowie-Deklaracja.pdf\">SPWSD-w-Rzeszowie-Deklaracja<\/a><a href=\"https:\/\/www.wsd.rzeszow.pl\/wp-content\/uploads\/2024\/05\/SPWSD-w-Rzeszowie-Deklaracja.pdf\" class=\"wp-block-file__button wp-element-button\" download aria-describedby=\"wp-block-file--media-0b8c1b4c-8f33-4b6b-88b8-411eceecb7e5\">Pobierz<\/a><\/div>\n\n\n\n<p><strong>Stowarzyszenie Przyjaci\u00f3\u0142 Wy\u017cszego Seminarium Duchownego w Rzeszowie<\/strong><\/p>\n\n\n\n<p>ul. Witolda 11a, 35-302 Rzesz\u00f3w<br>tel. 511 386 887<br>e-mail: spwsdrzeszow@gmail.com<\/p>\n\n\n\n<p>Konto: <br>PKO BP I Oddzia\u0142 w Rzeszowie<br>nr 05102043910000630200023093<br><\/p>\n\n\n\n<div style=\"height:100px\" aria-hidden=\"true\" class=\"wp-block-spacer\"><\/div>\n","protected":false},"excerpt":{"rendered":"<p>Stowarzyszenie Przyjaci\u00f3\u0142 Wy\u017cszego Seminarium Duchownego w Rzeszowie jest organizacj\u0105 katolick\u0105, kt\u00f3rej celem jest szerzenie idei Wy\u017cszego Seminarium Duchownego w Rzeszowie, troska o rozw\u00f3j powo\u0142a\u0144 kap\u0142a\u0144skich oraz niesienie pomocy duchowej poprzez modlitw\u0119 i apostolstwo. Stowarzyszenie \u015bwiadczy r\u00f3wnie\u017c nieodzown\u0105 pomoc materialn\u0105, dzi\u0119ki kt\u00f3rej rozwija si\u0119 Seminarium. Zosta\u0142o ono zarejestrowane w S\u0105dzie Wojew\u00f3dzkim [&hellip;]<\/p>\n","protected":false},"author":16,"featured_media":179,"parent":0,"menu_order":0,"comment_status":"closed","ping_status":"closed","template":"","meta":{"ngg_post_thumbnail":0,"footnotes":""},"class_list":["post-38","page","type-page","status-publish","has-post-thumbnail","hentry"],"_links":{"self":[{"href":"https:\/\/www.wsd.rzeszow.pl\/index.php?rest_route=\/wp\/v2\/pages\/38","targetHints":{"allow":["GET"]}}],"collection":[{"href":"https:\/\/www.wsd.rzeszow.pl\/index.php?rest_route=\/wp\/v2\/pages"}],"about":[{"href":"https:\/\/www.wsd.rzeszow.pl\/index.php?rest_route=\/wp\/v2\/types\/page"}],"author":[{"embeddable":true,"href":"https:\/\/www.wsd.rzeszow.pl\/index.php?rest_route=\/wp\/v2\/users\/16"}],"replies":[{"embeddable":true,"href":"https:\/\/www.wsd.rzeszow.pl\/index.php?rest_route=%2Fwp%2Fv2%2Fcomments&post=38"}],"version-history":[{"count":13,"href":"https:\/\/www.wsd.rzeszow.pl\/index.php?rest_route=\/wp\/v2\/pages\/38\/revisions"}],"predecessor-version":[{"id":15299,"href":"https:\/\/www.wsd.rzeszow.pl\/index.php?rest_route=\/wp\/v2\/pages\/38\/revisions\/15299"}],"wp:featuredmedia":[{"embeddable":true,"href":"https:\/\/www.wsd.rzeszow.pl\/index.php?rest_route=\/wp\/v2\/media\/179"}],"wp:attachment":[{"href":"https:\/\/www.wsd.rzeszow.pl\/index.php?rest_route=%2Fwp%2Fv2%2Fmedia&parent=38"}],"curies":[{"name":"wp","href":"https:\/\/api.w.org\/{rel}","templated":true}]}}