{"id":25,"date":"2020-03-02T16:11:07","date_gmt":"2020-03-02T16:11:07","guid":{"rendered":"https:\/\/server278705.nazwa.pl\/?page_id=25"},"modified":"2024-02-29T17:35:11","modified_gmt":"2024-02-29T17:35:11","slug":"ks-dr-slawomir-jeziorski","status":"publish","type":"page","link":"https:\/\/www.wsd.rzeszow.pl\/?page_id=25","title":{"rendered":"Ks. dr S\u0142awomir Jeziorski"},"content":{"rendered":"\n<figure class=\"wp-block-image size-full\"><img loading=\"lazy\" decoding=\"async\" width=\"700\" height=\"250\" src=\"https:\/\/www.wsd.rzeszow.pl\/wp-content\/uploads\/2022\/08\/slawomir-jeziorski-grafika.png\" alt=\"\" class=\"wp-image-4226\" srcset=\"https:\/\/www.wsd.rzeszow.pl\/wp-content\/uploads\/2022\/08\/slawomir-jeziorski-grafika.png 700w, https:\/\/www.wsd.rzeszow.pl\/wp-content\/uploads\/2022\/08\/slawomir-jeziorski-grafika-300x107.png 300w\" sizes=\"auto, (max-width: 700px) 100vw, 700px\" \/><\/figure>\n\n\n\n<p>Pochodzi z Tyczyna. \u015awi\u0119cenia kap\u0142a\u0144skie przyj\u0105\u0142 w 2009 roku. Po \u015bwi\u0119ceniach, przez dwa lata pracowa\u0142 jako wikariusz w parafii \u015bw. Marcina w Szebniach. W 2011 roku zosta\u0142 skierowany na studia specjalistyczne z liturgiki na Papieskim Instytucie Liturgicznym w Rzymie, kt\u00f3re uko\u0144czy\u0142 obron\u0105 doktoratu w 2017 roku. Po studiach, przez dwa lata, pe\u0142ni\u0142 funkcj\u0119 katechety i duszpasterza w Liceum Si\u00f3str Prezentek w Rzeszowie oraz wyk\u0142adowcy liturgiki w WSD. W czerwcu 2019 roku zosta\u0142 mianowany prefektem rzeszowskiego seminarium. <\/p>\n\n\n\n<div style=\"height:100px\" aria-hidden=\"true\" class=\"wp-block-spacer\"><\/div>\n\r\n","protected":false},"excerpt":{"rendered":"<p>Pochodzi z Tyczyna. \u015awi\u0119cenia kap\u0142a\u0144skie przyj\u0105\u0142 w 2009 roku. Po \u015bwi\u0119ceniach, przez dwa lata pracowa\u0142 jako wikariusz w parafii \u015bw. Marcina w Szebniach. W 2011 roku zosta\u0142 skierowany na studia specjalistyczne z liturgiki na Papieskim Instytucie Liturgicznym w Rzymie, kt\u00f3re uko\u0144czy\u0142 obron\u0105 doktoratu w 2017 roku. Po studiach, przez dwa [&hellip;]<\/p>\n","protected":false},"author":16,"featured_media":846,"parent":0,"menu_order":0,"comment_status":"closed","ping_status":"closed","template":"","meta":{"ngg_post_thumbnail":0,"footnotes":""},"class_list":["post-25","page","type-page","status-publish","has-post-thumbnail","hentry"],"_links":{"self":[{"href":"https:\/\/www.wsd.rzeszow.pl\/index.php?rest_route=\/wp\/v2\/pages\/25","targetHints":{"allow":["GET"]}}],"collection":[{"href":"https:\/\/www.wsd.rzeszow.pl\/index.php?rest_route=\/wp\/v2\/pages"}],"about":[{"href":"https:\/\/www.wsd.rzeszow.pl\/index.php?rest_route=\/wp\/v2\/types\/page"}],"author":[{"embeddable":true,"href":"https:\/\/www.wsd.rzeszow.pl\/index.php?rest_route=\/wp\/v2\/users\/16"}],"replies":[{"embeddable":true,"href":"https:\/\/www.wsd.rzeszow.pl\/index.php?rest_route=%2Fwp%2Fv2%2Fcomments&post=25"}],"version-history":[{"count":9,"href":"https:\/\/www.wsd.rzeszow.pl\/index.php?rest_route=\/wp\/v2\/pages\/25\/revisions"}],"predecessor-version":[{"id":7952,"href":"https:\/\/www.wsd.rzeszow.pl\/index.php?rest_route=\/wp\/v2\/pages\/25\/revisions\/7952"}],"wp:featuredmedia":[{"embeddable":true,"href":"https:\/\/www.wsd.rzeszow.pl\/index.php?rest_route=\/wp\/v2\/media\/846"}],"wp:attachment":[{"href":"https:\/\/www.wsd.rzeszow.pl\/index.php?rest_route=%2Fwp%2Fv2%2Fmedia&parent=25"}],"curies":[{"name":"wp","href":"https:\/\/api.w.org\/{rel}","templated":true}]}}