{"id":48,"date":"2020-03-02T16:28:15","date_gmt":"2020-03-02T16:28:15","guid":{"rendered":"https:\/\/server278705.nazwa.pl\/?page_id=48"},"modified":"2024-03-08T16:52:42","modified_gmt":"2024-03-08T15:52:42","slug":"formacja-duszpasterska","status":"publish","type":"page","link":"http:\/\/www.wsd.rzeszow.pl\/?page_id=48","title":{"rendered":"Formacja duszpasterska"},"content":{"rendered":"\n<p>Formacja duszpasterska stanowi integraln\u0105 cz\u0119\u015b\u0107 ca\u0142ego procesu przygotowania do kap\u0142a\u0144stwa. Alumni odpowiednio do etapu formacji na jakim si\u0119 znajduj\u0105, podejmuj\u0105 duszpastersk\u0105 trosk\u0119 rozumian\u0105 g\u0142\u00f3wnie jako pomoc kap\u0142anom w ich pracy pastoralnej. Og\u00f3lnie duszpasterskie zaanga\u017cowanie alumn\u00f3w mo\u017cna podzieli\u0107 na praktyki wakacyjne oraz dzia\u0142alno\u015b\u0107 w czasie trwania roku akademickiego.<\/p>\n\n\n\n<p>Ka\u017cdy kleryk podejmuje<strong> wakacyjn\u0105 praktyk\u0119 duszpastersk\u0105 <\/strong>w wymiarze kilku tygodni. Pole dzia\u0142ania jest bardzo szerokie. Alumni czynnie uczestnicz\u0105 w pieszej pielgrzymce na Jasn\u0105 G\u00f3r\u0119, pomagaj\u0105c ksi\u0119\u017com przewodnikom poszczeg\u00f3lnych grup. Du\u017ca liczba kleryk\u00f3w bierze udzia\u0142 w rekolekcjach oazowych, turnusach organizowanych przez Katolickie Stowarzyszenie M\u0142odzie\u017cy czy Ruch Apostolstwa M\u0142odzie\u017cy. Kleryk\u00f3w nie brakuje te\u017c na rekolekcjach prowadzonych dla Liturgicznej S\u0142u\u017cby O\u0142tarza czy koloniach organizowanych przez \u201eCaritas\u201d. Opr\u00f3cz praktyki w ramach diecezji i parafii pochodzenia klerycy s\u0105 podczas wakacji zobowi\u0105zani do tygodniowego <strong>dy\u017curu w seminarium<\/strong>.<\/p>\n\n\n\n<p>Wakacje to tak\u017ce czas pomocy duszpasterskiej ksi\u0119dzu proboszczowi i ksi\u0119\u017com wikariuszom w <strong>parafiach rodzinnych<\/strong>. Szczeg\u00f3lnie dotyczy to alumn\u00f3w ze starszych rocznik\u00f3w, kt\u00f3rzy zobowi\u0105zani s\u0105 do <strong>praktyki homiletycznej, katechetycznej<\/strong> oraz <strong>liturgicznej<\/strong>. Diakoni podejmuj\u0105 praktyk\u0119 pastoraln\u0105 w parafiach diecezji przez ca\u0142y okres ostatniego roku studi\u00f3w.<\/p>\n\n\n\n<p>Opr\u00f3cz zdobywania wiadomo\u015bci teoretycznych, alumni tak\u017ce w ci\u0105gu roku akademickiego maj\u0105 szans\u0119 dzia\u0142alno\u015bci na polu duszpasterskim. Najwi\u0119ksza liczba alumn\u00f3w jest zaanga\u017cowana w <strong>duszpasterstwo charytatywne<\/strong>. Swoj\u0105 trosk\u0105 obejmuj\u0105 szereg plac\u00f3wek na terenie miasta Rzeszowa. W miar\u0119 mo\u017cliwo\u015bci klerycy pomagaj\u0105 w rozdawaniu komuni \u015bw. w jednym z rzeszowskich szpitali. Swoj\u0105 trosk\u0105 otaczaj\u0105 r\u00f3wnie\u017c ludzi chorych z oddzia\u0142u paliatywnego, a tak\u017ce niewidomych i g\u0142uchoniemych. Alumni odwiedzaj\u0105 nadto pensjonariuszy dom\u00f3w opieki spo\u0142ecznej. Niedziela jest szczeg\u00f3lnym dniem, kiedy klerycy mog\u0105 przyczyni\u0107 si\u0119 do g\u0142\u0119bszego prze\u017cycia Mszy \u015bw. przez wi\u0119\u017ani\u00f3w z zak\u0142adu karnego w Za\u0142\u0119\u017cu. Swoj\u0105 trosk\u0105 obejmuj\u0105 oni tak\u017ce dzieci z domu dziecka, jak te\u017c dzieci i m\u0142odzie\u017c, kt\u00f3re gromadz\u0105 si\u0119 w \u015bwietlicy Fundacji Jana Paw\u0142a II \u201eWzrastanie\u201d.<\/p>\n\n\n\n<p>Formacja duszpasterska urzeczywistnia si\u0119 r\u00f3wnie\u017c na p\u0142aszczy\u017anie troski o nowe powo\u0142ania kap\u0142a\u0144skie. Szczeg\u00f3ln\u0105 form\u0119 przyjmuje ona podczas <strong>Niedzieli Dobrego Pasterza<\/strong>. Wtedy to ksi\u0119\u017ca prze\u0142o\u017ceni wraz z alumnami ze starszych rocznik\u00f3w wyje\u017cd\u017caj\u0105 do r\u00f3\u017cnych parafii w diecezji, aby dzi\u0119ki osobistemu \u015bwiadectwu ukazywa\u0107 &#8211; szczeg\u00f3lnie ludziom m\u0142odym &#8211; pi\u0119kno \u017cycia po\u015bwi\u0119conego s\u0142u\u017cbie Bogu.<\/p>\n\n\n\n<p>Alumni anga\u017cuj\u0105 si\u0119 r\u00f3wnie\u017c w dzia\u0142alno\u015b\u0107 szeregu grup, dzia\u0142aj\u0105cych w Seminarium: trze\u017awo\u015bciowej, powo\u0142aniowej, misyjnej, Rycerstwa Niepokalanej, Stra\u017cy Honorowej NSPJ, Focolare, Apostolskiego Dzie\u0142a Pomocy Duszom Czy\u015b\u0107cowym.<\/p>\n\n\n\n<p>Klerycy Wy\u017cszego Seminarium Duchownego w Rzeszowie uczestnicz\u0105 w wa\u017cnych uroczysto\u015bciach diecezjalnych, w wi\u0119kszo\u015bci przypadk\u00f3w odbywaj\u0105cych si\u0119 w rzeszowskiej katedrze. Alumni bior\u0105 aktywny udzia\u0142 w sympozjach naukowych. Szczeg\u00f3ln\u0105 form\u0105 dzia\u0142alno\u015bci Seminarium w \u017cyciu Ko\u015bcio\u0142a s\u0105 audycje radiowe prowadzone przez kleryk\u00f3w na antenie Katolickiego Radia VIA (zob. <a href=\"https:\/\/youtube.com\/playlist?list=PLE1vHDxCkk10boC_optJK7LeRqPJnHq71&amp;si=avD78Oex7vEWlmwr\" target=\"_blank\" rel=\"noreferrer noopener\"><strong>tutaj<\/strong><\/a>).<\/p>\n\n\n\n<p><strong>Praktyka diako\u0144ska<\/strong><\/p>\n\n\n\n<p>Czas najintensywniejszej praktyki pastoralnej to okres diakonatu. W okresie tym mo\u017cna wyszczeg\u00f3lni\u0107 kilka etap\u00f3w: (1) od \u015bwi\u0119ce\u0144 diakonatu do ko\u0144ca drugiego semestru V roku studi\u00f3w &#8211; diakoni kontynuuj\u0105 studia przebywaj\u0105c w budynku seminarium; (2) praktyki wakacyjne; (3) od ko\u0144ca sierpnia do pocz\u0105tku maja diakoni przebywaj\u0105 w wyznaczonych parafiach (w pierwszym semestrze od poniedzia\u0142ku do pi\u0105tku zamieszkuj\u0105 w budynku seminarium uczestnicz\u0105c w wyk\u0142adach pierwszego semestru VI roku studi\u00f3w).<\/p>\n\n\n\n<p>Na zako\u0144czenie II semestru VI roku diakoni uczestnicz\u0105 w kursach pastoralnych prowadzonych przez duszpasterzy diecezjalnych. Spotkania takie maj\u0105 na celu zapoznanie si\u0119 ze specyfik\u0105 r\u00f3\u017cnych duszpasterstw, metodami ich prowadzenia oraz celem. <\/p>\n\n\n\n<p>Bardzo istotnym okresem jest praktyka w parafii. Diakon, mimo i\u017c nie jest jeszcze prezbiterem, podejmuje obowi\u0105zki duszpasterza, wykonuj\u0105c dozwolone pos\u0142ugi. Konieczno\u015b\u0107 odbycia praktyki diako\u0144skiej w parafii okre\u015blona jest przez <em>Kodeks Prawa Kanonicznego<\/em>: \u201ePo uko\u0144czeniu okresu studi\u00f3w, diakon powinien przez odpowiedni czas, okre\u015blony przez biskupa lub wy\u017cszego prze\u0142o\u017conego, pracowa\u0107 w duszpasterstwie, wykonuj\u0105c \u015bwi\u0119cenie diako\u0144skie, zanim zostanie dopuszczony do prezbiteratu\u201d (kan. 1032 par. 2). <\/p>\n\n\n\n<p>Diakona w parafii obowi\u0105zuje kilka rodzaj\u00f3w praktyk. S\u0105 to:<\/p>\n\n\n\n<ul class=\"wp-block-list\">\n<li>praktyka liturgiczna (pos\u0142uga przy o\u0142tarzu, udzielanie komunii \u015bw., odprawianie nabo\u017ce\u0144stw eucharystycznych, Gorzkich \u017bali i innych nabo\u017ce\u0144stw wed\u0142ug miejscowych zwyczaj\u00f3w, roznoszenie komunii \u015bw. chorym, asystowanie przy udzielaniu sakrament\u00f3w \u015bwi\u0119tych, udzielanie sakrament\u00f3w, odprawianie pogrzeb\u00f3w).<\/li>\n\n\n\n<li>praktyka homiletyczna (g\u0142oszenie kaza\u0144 pasyjnych lub homilii w czasie niedzielnych Mszy \u015bw.),<\/li>\n\n\n\n<li>praktyka katechetyczna (katechizowanie dzieci i m\u0142odzie\u017cy w wymiarze 10-12 godzin tygodniowo),<\/li>\n\n\n\n<li>praktyka w kancelarii parafialnej, <\/li>\n\n\n\n<li>wykonywanie prac zleconych przez proboszcza w zale\u017cno\u015bci od potrzeb,<\/li>\n\n\n\n<li>inne praktyki &#8211; spotkania z ministrantami, schol\u0105, grupami m\u0142odzie\u017cowymi (oaza, KSM, RAM) oraz grupami doros\u0142ych (ko\u0142o r\u00f3\u017ca\u0144cowe, ko\u0142o misyjne, grupa synodalna itp.).<\/li>\n<\/ul>\n\n\n\n<p>Wszelkie praktyki odbywane przez diakon\u00f3w koordynowane s\u0105 przez odpowiedzialnego prze\u0142o\u017conego. Celem praktyk jest bezpo\u015brednie przygotowanie do podj\u0119cia pracy duszpasterskiej po przyj\u0119ciu \u015bwi\u0119ce\u0144 kap\u0142a\u0144skich.<\/p>\n\n\n\n<div style=\"height:100px\" aria-hidden=\"true\" class=\"wp-block-spacer\"><\/div>\n","protected":false},"excerpt":{"rendered":"<p>Formacja duszpasterska stanowi integraln\u0105 cz\u0119\u015b\u0107 ca\u0142ego procesu przygotowania do kap\u0142a\u0144stwa. Alumni odpowiednio do etapu formacji na jakim si\u0119 znajduj\u0105, podejmuj\u0105 duszpastersk\u0105 trosk\u0119 rozumian\u0105 g\u0142\u00f3wnie jako pomoc kap\u0142anom w ich pracy pastoralnej. Og\u00f3lnie duszpasterskie zaanga\u017cowanie alumn\u00f3w mo\u017cna podzieli\u0107 na praktyki wakacyjne oraz dzia\u0142alno\u015b\u0107 w czasie trwania roku akademickiego. Ka\u017cdy kleryk podejmuje [&hellip;]<\/p>\n","protected":false},"author":16,"featured_media":183,"parent":0,"menu_order":0,"comment_status":"closed","ping_status":"closed","template":"","meta":{"ngg_post_thumbnail":0,"footnotes":""},"class_list":["post-48","page","type-page","status-publish","has-post-thumbnail","hentry"],"_links":{"self":[{"href":"http:\/\/www.wsd.rzeszow.pl\/index.php?rest_route=\/wp\/v2\/pages\/48","targetHints":{"allow":["GET"]}}],"collection":[{"href":"http:\/\/www.wsd.rzeszow.pl\/index.php?rest_route=\/wp\/v2\/pages"}],"about":[{"href":"http:\/\/www.wsd.rzeszow.pl\/index.php?rest_route=\/wp\/v2\/types\/page"}],"author":[{"embeddable":true,"href":"http:\/\/www.wsd.rzeszow.pl\/index.php?rest_route=\/wp\/v2\/users\/16"}],"replies":[{"embeddable":true,"href":"http:\/\/www.wsd.rzeszow.pl\/index.php?rest_route=%2Fwp%2Fv2%2Fcomments&post=48"}],"version-history":[{"count":17,"href":"http:\/\/www.wsd.rzeszow.pl\/index.php?rest_route=\/wp\/v2\/pages\/48\/revisions"}],"predecessor-version":[{"id":14336,"href":"http:\/\/www.wsd.rzeszow.pl\/index.php?rest_route=\/wp\/v2\/pages\/48\/revisions\/14336"}],"wp:featuredmedia":[{"embeddable":true,"href":"http:\/\/www.wsd.rzeszow.pl\/index.php?rest_route=\/wp\/v2\/media\/183"}],"wp:attachment":[{"href":"http:\/\/www.wsd.rzeszow.pl\/index.php?rest_route=%2Fwp%2Fv2%2Fmedia&parent=48"}],"curies":[{"name":"wp","href":"https:\/\/api.w.org\/{rel}","templated":true}]}}

<p>Formacja duszpasterska stanowi integralną część całego procesu przygotowania do kapłaństwa. Alumni odpowiednio do etapu formacji na jakim się znajdują, podejmują duszpasterską troskę rozumianą głównie jako pomoc kapłanom w ich pracy pastoralnej. Ogólnie duszpasterskie zaangażowanie alumnów można podzielić na praktyki wakacyjne oraz działalność w czasie trwania roku akademickiego.</p>



<p>Każdy kleryk podejmuje<strong> wakacyjną praktykę duszpasterską </strong>w wymiarze kilku tygodni. Pole działania jest bardzo szerokie. Alumni czynnie uczestniczą w pieszej pielgrzymce na Jasną Górę, pomagając księżom przewodnikom poszczególnych grup. Duża liczba kleryków bierze udział w rekolekcjach oazowych, turnusach organizowanych przez Katolickie Stowarzyszenie Młodzieży czy Ruch Apostolstwa Młodzieży. Kleryków nie brakuje też na rekolekcjach prowadzonych dla Liturgicznej Służby Ołtarza czy koloniach organizowanych przez „Caritas”. Oprócz praktyki w ramach diecezji i parafii pochodzenia klerycy są podczas wakacji zobowiązani do tygodniowego <strong>dyżuru w seminarium</strong>.</p>



<p>Wakacje to także czas pomocy duszpasterskiej księdzu proboszczowi i księżom wikariuszom w <strong>parafiach rodzinnych</strong>. Szczególnie dotyczy to alumnów ze starszych roczników, którzy zobowiązani są do <strong>praktyki homiletycznej, katechetycznej</strong> oraz <strong>liturgicznej</strong>. Diakoni podejmują praktykę pastoralną w parafiach diecezji przez cały okres ostatniego roku studiów.</p>



<p>Oprócz zdobywania wiadomości teoretycznych, alumni także w ciągu roku akademickiego mają szansę działalności na polu duszpasterskim. Największa liczba alumnów jest zaangażowana w <strong>duszpasterstwo charytatywne</strong>. Swoją troską obejmują szereg placówek na terenie miasta Rzeszowa. W miarę możliwości klerycy pomagają w rozdawaniu komuni św. w jednym z rzeszowskich szpitali. Swoją troską otaczają również ludzi chorych z oddziału paliatywnego, a także niewidomych i głuchoniemych. Alumni odwiedzają nadto pensjonariuszy domów opieki społecznej. Niedziela jest szczególnym dniem, kiedy klerycy mogą przyczynić się do głębszego przeżycia Mszy św. przez więźniów z zakładu karnego w Załężu. Swoją troską obejmują oni także dzieci z domu dziecka, jak też dzieci i młodzież, które gromadzą się w świetlicy Fundacji Jana Pawła II „Wzrastanie”.</p>



<p>Formacja duszpasterska urzeczywistnia się również na płaszczyźnie troski o nowe powołania kapłańskie. Szczególną formę przyjmuje ona podczas <strong>Niedzieli Dobrego Pasterza</strong>. Wtedy to księża przełożeni wraz z alumnami ze starszych roczników wyjeżdżają do różnych parafii w diecezji, aby dzięki osobistemu świadectwu ukazywać &#8211; szczególnie ludziom młodym &#8211; piękno życia poświęconego służbie Bogu.</p>



<p>Alumni angażują się również w działalność szeregu grup, działających w Seminarium: trzeźwościowej, powołaniowej, misyjnej, Rycerstwa Niepokalanej, Straży Honorowej NSPJ, Focolare, Apostolskiego Dzieła Pomocy Duszom Czyśćcowym.</p>



<p>Klerycy Wyższego Seminarium Duchownego w Rzeszowie uczestniczą w ważnych uroczystościach diecezjalnych, w większości przypadków odbywających się w rzeszowskiej katedrze. Alumni biorą aktywny udział w sympozjach naukowych. Szczególną formą działalności Seminarium w życiu Kościoła są audycje radiowe prowadzone przez kleryków na antenie Katolickiego Radia VIA (zob. <a href="https://youtube.com/playlist?list=PLE1vHDxCkk10boC_optJK7LeRqPJnHq71&amp;si=avD78Oex7vEWlmwr" target="_blank" rel="noreferrer noopener"><strong>tutaj</strong></a>).</p>



<p><strong>Praktyka diakońska</strong></p>



<p>Czas najintensywniejszej praktyki pastoralnej to okres diakonatu. W okresie tym można wyszczególnić kilka etapów: (1) od święceń diakonatu do końca drugiego semestru V roku studiów &#8211; diakoni kontynuują studia przebywając w budynku seminarium; (2) praktyki wakacyjne; (3) od końca sierpnia do początku maja diakoni przebywają w wyznaczonych parafiach (w pierwszym semestrze od poniedziałku do piątku zamieszkują w budynku seminarium uczestnicząc w wykładach pierwszego semestru VI roku studiów).</p>



<p>Na zakończenie II semestru VI roku diakoni uczestniczą w kursach pastoralnych prowadzonych przez duszpasterzy diecezjalnych. Spotkania takie mają na celu zapoznanie się ze specyfiką różnych duszpasterstw, metodami ich prowadzenia oraz celem. </p>



<p>Bardzo istotnym okresem jest praktyka w parafii. Diakon, mimo iż nie jest jeszcze prezbiterem, podejmuje obowiązki duszpasterza, wykonując dozwolone posługi. Konieczność odbycia praktyki diakońskiej w parafii określona jest przez <em>Kodeks Prawa Kanonicznego</em>: „Po ukończeniu okresu studiów, diakon powinien przez odpowiedni czas, określony przez biskupa lub wyższego przełożonego, pracować w duszpasterstwie, wykonując święcenie diakońskie, zanim zostanie dopuszczony do prezbiteratu” (kan. 1032 par. 2). </p>



<p>Diakona w parafii obowiązuje kilka rodzajów praktyk. Są to:</p>



<ul class="wp-block-list">
<li>praktyka liturgiczna (posługa przy ołtarzu, udzielanie komunii św., odprawianie nabożeństw eucharystycznych, Gorzkich Żali i innych nabożeństw według miejscowych zwyczajów, roznoszenie komunii św. chorym, asystowanie przy udzielaniu sakramentów świętych, udzielanie sakramentów, odprawianie pogrzebów).</li>



<li>praktyka homiletyczna (głoszenie kazań pasyjnych lub homilii w czasie niedzielnych Mszy św.),</li>



<li>praktyka katechetyczna (katechizowanie dzieci i młodzieży w wymiarze 10-12 godzin tygodniowo),</li>



<li>praktyka w kancelarii parafialnej, </li>



<li>wykonywanie prac zleconych przez proboszcza w zależności od potrzeb,</li>



<li>inne praktyki &#8211; spotkania z ministrantami, scholą, grupami młodzieżowymi (oaza, KSM, RAM) oraz grupami dorosłych (koło różańcowe, koło misyjne, grupa synodalna itp.).</li>
</ul>



<p>Wszelkie praktyki odbywane przez diakonów koordynowane są przez odpowiedzialnego przełożonego. Celem praktyk jest bezpośrednie przygotowanie do podjęcia pracy duszpasterskiej po przyjęciu święceń kapłańskich.</p>



<div style="height:100px" aria-hidden="true" class="wp-block-spacer"></div>

<p>Formacja duszpasterska stanowi integralną część całego procesu przygotowania do kapłaństwa. Alumni odpowiednio do etapu formacji na jakim się znajdują, podejmują duszpasterską troskę rozumianą głównie jako pomoc kapłanom w ich pracy pastoralnej. Ogólnie duszpasterskie zaangażowanie alumnów można podzielić na praktyki wakacyjne oraz działalność w czasie trwania roku akademickiego. Każdy kleryk podejmuje [&hellip;]</p>
