{"id":4236,"date":"2022-09-01T12:22:14","date_gmt":"2022-09-01T12:22:14","guid":{"rendered":"https:\/\/www.wsd.rzeszow.pl\/?page_id=4236"},"modified":"2024-03-08T17:20:24","modified_gmt":"2024-03-08T16:20:24","slug":"ks-dr-mateusz-rachwalski","status":"publish","type":"page","link":"http:\/\/www.wsd.rzeszow.pl\/?page_id=4236","title":{"rendered":"Ks. Mateusz Rachwalski"},"content":{"rendered":"\n<div class=\"wp-block-themeisle-blocks-advanced-columns has-1-columns has-desktop-equal-layout has-tablet-equal-layout has-mobile-equal-layout has-default-gap has-vertical-unset\" id=\"wp-block-themeisle-blocks-advanced-columns-17ae2690\"><div class=\"wp-block-themeisle-blocks-advanced-columns-overlay\"><\/div><div class=\"innerblocks-wrap\">\n<div class=\"wp-block-themeisle-blocks-advanced-column\" id=\"wp-block-themeisle-blocks-advanced-column-5303561d\">\n<figure class=\"wp-block-image size-full\"><img loading=\"lazy\" decoding=\"async\" width=\"700\" height=\"250\" src=\"https:\/\/www.wsd.rzeszow.pl\/wp-content\/uploads\/2022\/09\/mateusz-rachwalski-grafika.png\" alt=\"\" class=\"wp-image-4237\" srcset=\"http:\/\/www.wsd.rzeszow.pl\/wp-content\/uploads\/2022\/09\/mateusz-rachwalski-grafika.png 700w, http:\/\/www.wsd.rzeszow.pl\/wp-content\/uploads\/2022\/09\/mateusz-rachwalski-grafika-300x107.png 300w\" sizes=\"auto, (max-width: 700px) 100vw, 700px\" \/><\/figure>\n<\/div>\n<\/div><\/div>\n\n\n\n<p>Pochodzi z parafii \u015bw. Franciszka z Asy\u017cu w Bystrzycy. \u015awi\u0119cenia kap\u0142a\u0144skie przyj\u0105\u0142 w 2013 roku w Rzeszowie. Przez pierwsze dwa lata kap\u0142a\u0144stwa pos\u0142ugiwa\u0142 jako wikariusz w Sanktuarium Przemienienia Pa\u0144skiego w Cmolasie. W latach 2015-2020 odby\u0142 studia specjalistyczne z teologii moralnej na Accademia Alfonsiana w Rzymie, zako\u0144czone obron\u0105 pracy doktorskiej. Po studiach pe\u0142ni\u0142 pos\u0142ug\u0119 wikariusza w parafii b\u0142. Karoliny K\u00f3zki w Rzeszowie (2020-2022). Dodatkowo od 2021 roku jest wyk\u0142adowc\u0105 teologii moralnej w WSD Rzesz\u00f3w oraz postulatorem w procesie beatyfikacyjnym S\u0142ugi Bo\u017cego Jacka Krawczyka na stopniu diecezjalnym. W sierpniu 2022 roku rozpocz\u0105\u0142 pos\u0142ug\u0119 prefekta w WSD Rzesz\u00f3w.<\/p>\n\r\n","protected":false},"excerpt":{"rendered":"<p>Pochodzi z parafii \u015bw. Franciszka z Asy\u017cu w Bystrzycy. \u015awi\u0119cenia kap\u0142a\u0144skie przyj\u0105\u0142 w 2013 roku w Rzeszowie. Przez pierwsze dwa lata kap\u0142a\u0144stwa pos\u0142ugiwa\u0142 jako wikariusz w Sanktuarium Przemienienia Pa\u0144skiego w Cmolasie. W latach 2015-2020 odby\u0142 studia specjalistyczne z teologii moralnej na Accademia Alfonsiana w Rzymie, zako\u0144czone obron\u0105 pracy doktorskiej. Po [&hellip;]<\/p>\n","protected":false},"author":2,"featured_media":0,"parent":0,"menu_order":0,"comment_status":"closed","ping_status":"closed","template":"","meta":{"ngg_post_thumbnail":0,"footnotes":""},"class_list":["post-4236","page","type-page","status-publish","hentry"],"_links":{"self":[{"href":"http:\/\/www.wsd.rzeszow.pl\/index.php?rest_route=\/wp\/v2\/pages\/4236","targetHints":{"allow":["GET"]}}],"collection":[{"href":"http:\/\/www.wsd.rzeszow.pl\/index.php?rest_route=\/wp\/v2\/pages"}],"about":[{"href":"http:\/\/www.wsd.rzeszow.pl\/index.php?rest_route=\/wp\/v2\/types\/page"}],"author":[{"embeddable":true,"href":"http:\/\/www.wsd.rzeszow.pl\/index.php?rest_route=\/wp\/v2\/users\/2"}],"replies":[{"embeddable":true,"href":"http:\/\/www.wsd.rzeszow.pl\/index.php?rest_route=%2Fwp%2Fv2%2Fcomments&post=4236"}],"version-history":[{"count":3,"href":"http:\/\/www.wsd.rzeszow.pl\/index.php?rest_route=\/wp\/v2\/pages\/4236\/revisions"}],"predecessor-version":[{"id":14357,"href":"http:\/\/www.wsd.rzeszow.pl\/index.php?rest_route=\/wp\/v2\/pages\/4236\/revisions\/14357"}],"wp:attachment":[{"href":"http:\/\/www.wsd.rzeszow.pl\/index.php?rest_route=%2Fwp%2Fv2%2Fmedia&parent=4236"}],"curies":[{"name":"wp","href":"https:\/\/api.w.org\/{rel}","templated":true}]}}