{"id":31,"date":"2020-03-02T16:14:55","date_gmt":"2020-03-02T16:14:55","guid":{"rendered":"https:\/\/server278705.nazwa.pl\/?page_id=31"},"modified":"2024-03-08T17:32:54","modified_gmt":"2024-03-08T16:32:54","slug":"ks-mgr-andrzej-szpaczynski","status":"publish","type":"page","link":"http:\/\/www.wsd.rzeszow.pl\/?page_id=31","title":{"rendered":"Ks. Andrzej Szpaczy\u0144ski"},"content":{"rendered":"\n<figure class=\"wp-block-image size-large\"><img loading=\"lazy\" decoding=\"async\" width=\"701\" height=\"249\" src=\"https:\/\/server278705.nazwa.pl\/wp-content\/uploads\/2020\/03\/andrzej-szpaczynski-grafika.png\" alt=\"\" class=\"wp-image-156\" srcset=\"http:\/\/www.wsd.rzeszow.pl\/wp-content\/uploads\/2020\/03\/andrzej-szpaczynski-grafika.png 701w, http:\/\/www.wsd.rzeszow.pl\/wp-content\/uploads\/2020\/03\/andrzej-szpaczynski-grafika-300x107.png 300w\" sizes=\"auto, (max-width: 701px) 100vw, 701px\" \/><\/figure>\n\n\n\n<div style=\"height:100px\" aria-hidden=\"true\" class=\"wp-block-spacer\"><\/div>\n\n\n\n<p>Pochodzi z Nowej Wsi k. Czudca. W 2010 r. przyj\u0105\u0142 \u015bwi\u0119cenia kap\u0142a\u0144skie i rozpocz\u0105\u0142 pos\u0142ug\u0119 w parafii \u015bw. Micha\u0142a Archanio\u0142a w Rzeszowie. By\u0142 wikariuszem w Nockowej (2013-2016) i w S\u0119dziszowie M\u0142p. &#8211; w parafii Mi\u0142osierdzia Bo\u017cego (2016-2018). Od 2018 roku pe\u0142ni funkcj\u0119 ojca duchownego alumn\u00f3w. <\/p>\n\n\n\n<div style=\"height:100px\" aria-hidden=\"true\" class=\"wp-block-spacer\"><\/div>\n","protected":false},"excerpt":{"rendered":"<p>Pochodzi z Nowej Wsi k. Czudca. W 2010 r. przyj\u0105\u0142 \u015bwi\u0119cenia kap\u0142a\u0144skie i rozpocz\u0105\u0142 pos\u0142ug\u0119 w parafii \u015bw. Micha\u0142a Archanio\u0142a w Rzeszowie. By\u0142 wikariuszem w Nockowej (2013-2016) i w S\u0119dziszowie M\u0142p. &#8211; w parafii Mi\u0142osierdzia Bo\u017cego (2016-2018). Od 2018 roku pe\u0142ni funkcj\u0119 ojca duchownego alumn\u00f3w.<\/p>\n","protected":false},"author":16,"featured_media":846,"parent":0,"menu_order":0,"comment_status":"closed","ping_status":"closed","template":"","meta":{"ngg_post_thumbnail":0,"footnotes":""},"class_list":["post-31","page","type-page","status-publish","has-post-thumbnail","hentry"],"_links":{"self":[{"href":"http:\/\/www.wsd.rzeszow.pl\/index.php?rest_route=\/wp\/v2\/pages\/31","targetHints":{"allow":["GET"]}}],"collection":[{"href":"http:\/\/www.wsd.rzeszow.pl\/index.php?rest_route=\/wp\/v2\/pages"}],"about":[{"href":"http:\/\/www.wsd.rzeszow.pl\/index.php?rest_route=\/wp\/v2\/types\/page"}],"author":[{"embeddable":true,"href":"http:\/\/www.wsd.rzeszow.pl\/index.php?rest_route=\/wp\/v2\/users\/16"}],"replies":[{"embeddable":true,"href":"http:\/\/www.wsd.rzeszow.pl\/index.php?rest_route=%2Fwp%2Fv2%2Fcomments&post=31"}],"version-history":[{"count":7,"href":"http:\/\/www.wsd.rzeszow.pl\/index.php?rest_route=\/wp\/v2\/pages\/31\/revisions"}],"predecessor-version":[{"id":14381,"href":"http:\/\/www.wsd.rzeszow.pl\/index.php?rest_route=\/wp\/v2\/pages\/31\/revisions\/14381"}],"wp:featuredmedia":[{"embeddable":true,"href":"http:\/\/www.wsd.rzeszow.pl\/index.php?rest_route=\/wp\/v2\/media\/846"}],"wp:attachment":[{"href":"http:\/\/www.wsd.rzeszow.pl\/index.php?rest_route=%2Fwp%2Fv2%2Fmedia&parent=31"}],"curies":[{"name":"wp","href":"https:\/\/api.w.org\/{rel}","templated":true}]}}

Ks. Andrzej Szpaczyński

<figure class="wp-block-image size-large"><img loading="lazy" decoding="async" width="701" height="249" src="https://server278705.nazwa.pl/wp-content/uploads/2020/03/andrzej-szpaczynski-grafika.png" alt="" class="wp-image-156" srcset="http://www.wsd.rzeszow.pl/wp-content/uploads/2020/03/andrzej-szpaczynski-grafika.png 701w, http://www.wsd.rzeszow.pl/wp-content/uploads/2020/03/andrzej-szpaczynski-grafika-300x107.png 300w" sizes="auto, (max-width: 701px) 100vw, 701px" /></figure>



<div style="height:100px" aria-hidden="true" class="wp-block-spacer"></div>



<p>Pochodzi z Nowej Wsi k. Czudca. W 2010 r. przyjął święcenia kapłańskie i rozpoczął posługę w parafii św. Michała Archanioła w Rzeszowie. Był wikariuszem w Nockowej (2013-2016) i w Sędziszowie Młp. &#8211; w parafii Miłosierdzia Bożego (2016-2018). Od 2018 roku pełni funkcję ojca duchownego alumnów. </p>



<div style="height:100px" aria-hidden="true" class="wp-block-spacer"></div>

<p>Pochodzi z Nowej Wsi k. Czudca. W 2010 r. przyjął święcenia kapłańskie i rozpoczął posługę w parafii św. Michała Archanioła w Rzeszowie. Był wikariuszem w Nockowej (2013-2016) i w Sędziszowie Młp. &#8211; w parafii Miłosierdzia Bożego (2016-2018). Od 2018 roku pełni funkcję ojca duchownego alumnów.</p>
