{"id":29,"date":"2020-03-02T16:14:26","date_gmt":"2020-03-02T16:14:26","guid":{"rendered":"https:\/\/server278705.nazwa.pl\/?page_id=29"},"modified":"2024-03-08T17:41:22","modified_gmt":"2024-03-08T16:41:22","slug":"ks-mgr-jacek-szczech","status":"publish","type":"page","link":"http:\/\/www.wsd.rzeszow.pl\/?page_id=29","title":{"rendered":"Ks. Nikodem Rybczyk"},"content":{"rendered":"\n<figure class=\"wp-block-image size-full\"><img loading=\"lazy\" decoding=\"async\" width=\"700\" height=\"250\" src=\"https:\/\/www.wsd.rzeszow.pl\/wp-content\/uploads\/2022\/08\/nikodem-rybczyk-grafika.png\" alt=\"\" class=\"wp-image-4224\" srcset=\"http:\/\/www.wsd.rzeszow.pl\/wp-content\/uploads\/2022\/08\/nikodem-rybczyk-grafika.png 700w, http:\/\/www.wsd.rzeszow.pl\/wp-content\/uploads\/2022\/08\/nikodem-rybczyk-grafika-300x107.png 300w\" sizes=\"auto, (max-width: 700px) 100vw, 700px\" \/><\/figure>\n\n\n\n<p>Pochodzi z parafii Gorlice-Bazylika. Wy\u015bwi\u0119cony w 2012 roku. W latach 2012-2016 pracowa\u0142 jako wikariusz w Tarnowcu. Nast\u0119pnie w latach 2016-2020 odby\u0142 studia z psychologii na KUL, uwie\u0144czonego tytu\u0142em magistra. W latach 2020-2021 pracowa\u0142 jako wikariusz w parafii b\u0142. Jerzego Popie\u0142uszki w Rzeszowie. Od 2021 roku jest Diecezjalnym Duszpasterzem Rodzin. W 2022 roku mianowany ojcem duchownym w WSD w Rzeszowie.<\/p>\n\n\n\n<div style=\"height:100px\" aria-hidden=\"true\" class=\"wp-block-spacer\"><\/div>\n","protected":false},"excerpt":{"rendered":"<p>Pochodzi z parafii Gorlice-Bazylika. Wy\u015bwi\u0119cony w 2012 roku. W latach 2012-2016 pracowa\u0142 jako wikariusz w Tarnowcu. Nast\u0119pnie w latach 2016-2020 odby\u0142 studia z psychologii na KUL, uwie\u0144czonego tytu\u0142em magistra. W latach 2020-2021 pracowa\u0142 jako wikariusz w parafii b\u0142. Jerzego Popie\u0142uszki w Rzeszowie. Od 2021 roku jest Diecezjalnym Duszpasterzem Rodzin. W [&hellip;]<\/p>\n","protected":false},"author":16,"featured_media":846,"parent":0,"menu_order":0,"comment_status":"closed","ping_status":"closed","template":"","meta":{"ngg_post_thumbnail":0,"footnotes":""},"class_list":["post-29","page","type-page","status-publish","has-post-thumbnail","hentry"],"_links":{"self":[{"href":"http:\/\/www.wsd.rzeszow.pl\/index.php?rest_route=\/wp\/v2\/pages\/29","targetHints":{"allow":["GET"]}}],"collection":[{"href":"http:\/\/www.wsd.rzeszow.pl\/index.php?rest_route=\/wp\/v2\/pages"}],"about":[{"href":"http:\/\/www.wsd.rzeszow.pl\/index.php?rest_route=\/wp\/v2\/types\/page"}],"author":[{"embeddable":true,"href":"http:\/\/www.wsd.rzeszow.pl\/index.php?rest_route=\/wp\/v2\/users\/16"}],"replies":[{"embeddable":true,"href":"http:\/\/www.wsd.rzeszow.pl\/index.php?rest_route=%2Fwp%2Fv2%2Fcomments&post=29"}],"version-history":[{"count":7,"href":"http:\/\/www.wsd.rzeszow.pl\/index.php?rest_route=\/wp\/v2\/pages\/29\/revisions"}],"predecessor-version":[{"id":14387,"href":"http:\/\/www.wsd.rzeszow.pl\/index.php?rest_route=\/wp\/v2\/pages\/29\/revisions\/14387"}],"wp:featuredmedia":[{"embeddable":true,"href":"http:\/\/www.wsd.rzeszow.pl\/index.php?rest_route=\/wp\/v2\/media\/846"}],"wp:attachment":[{"href":"http:\/\/www.wsd.rzeszow.pl\/index.php?rest_route=%2Fwp%2Fv2%2Fmedia&parent=29"}],"curies":[{"name":"wp","href":"https:\/\/api.w.org\/{rel}","templated":true}]}}

<figure class="wp-block-image size-full"><img loading="lazy" decoding="async" width="700" height="250" src="https://www.wsd.rzeszow.pl/wp-content/uploads/2022/08/nikodem-rybczyk-grafika.png" alt="" class="wp-image-4224" srcset="http://www.wsd.rzeszow.pl/wp-content/uploads/2022/08/nikodem-rybczyk-grafika.png 700w, http://www.wsd.rzeszow.pl/wp-content/uploads/2022/08/nikodem-rybczyk-grafika-300x107.png 300w" sizes="auto, (max-width: 700px) 100vw, 700px" /></figure>



<p>Pochodzi z parafii Gorlice-Bazylika. Wyświęcony w 2012 roku. W latach 2012-2016 pracował jako wikariusz w Tarnowcu. Następnie w latach 2016-2020 odbył studia z psychologii na KUL, uwieńczonego tytułem magistra. W latach 2020-2021 pracował jako wikariusz w parafii bł. Jerzego Popiełuszki w Rzeszowie. Od 2021 roku jest Diecezjalnym Duszpasterzem Rodzin. W 2022 roku mianowany ojcem duchownym w WSD w Rzeszowie.</p>



<div style="height:100px" aria-hidden="true" class="wp-block-spacer"></div>

<p>Pochodzi z parafii Gorlice-Bazylika. Wyświęcony w 2012 roku. W latach 2012-2016 pracował jako wikariusz w Tarnowcu. Następnie w latach 2016-2020 odbył studia z psychologii na KUL, uwieńczonego tytułem magistra. W latach 2020-2021 pracował jako wikariusz w parafii bł. Jerzego Popiełuszki w Rzeszowie. Od 2021 roku jest Diecezjalnym Duszpasterzem Rodzin. W [&hellip;]</p>
