{"id":27,"date":"2020-03-02T16:11:26","date_gmt":"2020-03-02T16:11:26","guid":{"rendered":"https:\/\/server278705.nazwa.pl\/?page_id=27"},"modified":"2024-09-22T15:50:43","modified_gmt":"2024-09-22T14:50:43","slug":"ks-mgr-krystian-winiarski","status":"publish","type":"page","link":"http:\/\/www.wsd.rzeszow.pl\/?page_id=27","title":{"rendered":"Ks. Krzysztof Golas"},"content":{"rendered":"\n<div style=\"height:100px\" aria-hidden=\"true\" class=\"wp-block-spacer\"><\/div>\n\n\n\n<p>Pochodzi z parafii Naj\u015bwi\u0119tszego Serca Pana Jezusa w Kamieniu. \u015awi\u0119cenia kap\u0142a\u0144skie przyj\u0105\u0142 w 2006 r. w Rzeszowie. Pracowa\u0142 jako wikariusz w Tarnowcu, Gorlicach (parafia Narodzenia Naj\u015bwi\u0119tszej Maryi Panny) i Rzeszowie (parafia katedralna).\u00a0Odby\u0142 studia specjalistyczne z teologii dogmatycznej na KUL, uwie\u0144czone w 2015 r. obron\u0105 doktoratu po\u015bwi\u0119conego antropologii paschalnej w pismach Wac\u0142awa Hryniewicza. Przez kilka lat by\u0142 diecezjalnym duszpasterzem m\u0142odzie\u017cy; przez rok pe\u0142ni\u0142 tak\u017ce obowi\u0105zki asystenta diecezjalnego Katolickiego Stowarzyszenia M\u0142odzie\u017cy. Od 2015 r. do dzi\u015b jest katechet\u0105 w IV LO w Rzeszowie. Pracuje jako wyk\u0142adowca teologii dogmatycznej w rzeszowskim WSD oraz Instytucie Wy\u017cszych Studi\u00f3w Teologicznych w Rzeszowie.<\/p>\n\n\n\n<div style=\"height:100px\" aria-hidden=\"true\" class=\"wp-block-spacer\"><\/div>\n","protected":false},"excerpt":{"rendered":"<p>Pochodzi z parafii Naj\u015bwi\u0119tszego Serca Pana Jezusa w Kamieniu. \u015awi\u0119cenia kap\u0142a\u0144skie przyj\u0105\u0142 w 2006 r. w Rzeszowie. Pracowa\u0142 jako wikariusz w Tarnowcu, Gorlicach (parafia Narodzenia Naj\u015bwi\u0119tszej Maryi Panny) i Rzeszowie (parafia katedralna).\u00a0Odby\u0142 studia specjalistyczne z teologii dogmatycznej na KUL, uwie\u0144czone w 2015 r. obron\u0105 doktoratu po\u015bwi\u0119conego antropologii paschalnej w pismach [&hellip;]<\/p>\n","protected":false},"author":16,"featured_media":846,"parent":0,"menu_order":0,"comment_status":"closed","ping_status":"closed","template":"","meta":{"ngg_post_thumbnail":0,"footnotes":""},"class_list":["post-27","page","type-page","status-publish","has-post-thumbnail","hentry"],"_links":{"self":[{"href":"http:\/\/www.wsd.rzeszow.pl\/index.php?rest_route=\/wp\/v2\/pages\/27","targetHints":{"allow":["GET"]}}],"collection":[{"href":"http:\/\/www.wsd.rzeszow.pl\/index.php?rest_route=\/wp\/v2\/pages"}],"about":[{"href":"http:\/\/www.wsd.rzeszow.pl\/index.php?rest_route=\/wp\/v2\/types\/page"}],"author":[{"embeddable":true,"href":"http:\/\/www.wsd.rzeszow.pl\/index.php?rest_route=\/wp\/v2\/users\/16"}],"replies":[{"embeddable":true,"href":"http:\/\/www.wsd.rzeszow.pl\/index.php?rest_route=%2Fwp%2Fv2%2Fcomments&post=27"}],"version-history":[{"count":17,"href":"http:\/\/www.wsd.rzeszow.pl\/index.php?rest_route=\/wp\/v2\/pages\/27\/revisions"}],"predecessor-version":[{"id":15634,"href":"http:\/\/www.wsd.rzeszow.pl\/index.php?rest_route=\/wp\/v2\/pages\/27\/revisions\/15634"}],"wp:featuredmedia":[{"embeddable":true,"href":"http:\/\/www.wsd.rzeszow.pl\/index.php?rest_route=\/wp\/v2\/media\/846"}],"wp:attachment":[{"href":"http:\/\/www.wsd.rzeszow.pl\/index.php?rest_route=%2Fwp%2Fv2%2Fmedia&parent=27"}],"curies":[{"name":"wp","href":"https:\/\/api.w.org\/{rel}","templated":true}]}}

<div style="height:100px" aria-hidden="true" class="wp-block-spacer"></div>



<p>Pochodzi z parafii Najświętszego Serca Pana Jezusa w Kamieniu. Święcenia kapłańskie przyjął w 2006 r. w Rzeszowie. Pracował jako wikariusz w Tarnowcu, Gorlicach (parafia Narodzenia Najświętszej Maryi Panny) i Rzeszowie (parafia katedralna). Odbył studia specjalistyczne z teologii dogmatycznej na KUL, uwieńczone w 2015 r. obroną doktoratu poświęconego antropologii paschalnej w pismach Wacława Hryniewicza. Przez kilka lat był diecezjalnym duszpasterzem młodzieży; przez rok pełnił także obowiązki asystenta diecezjalnego Katolickiego Stowarzyszenia Młodzieży. Od 2015 r. do dziś jest katechetą w IV LO w Rzeszowie. Pracuje jako wykładowca teologii dogmatycznej w rzeszowskim WSD oraz Instytucie Wyższych Studiów Teologicznych w Rzeszowie.</p>



<div style="height:100px" aria-hidden="true" class="wp-block-spacer"></div>

<p>Pochodzi z parafii Najświętszego Serca Pana Jezusa w Kamieniu. Święcenia kapłańskie przyjął w 2006 r. w Rzeszowie. Pracował jako wikariusz w Tarnowcu, Gorlicach (parafia Narodzenia Najświętszej Maryi Panny) i Rzeszowie (parafia katedralna). Odbył studia specjalistyczne z teologii dogmatycznej na KUL, uwieńczone w 2015 r. obroną doktoratu poświęconego antropologii paschalnej w pismach [&hellip;]</p>
