{"id":23,"date":"2020-03-02T16:10:39","date_gmt":"2020-03-02T16:10:39","guid":{"rendered":"https:\/\/server278705.nazwa.pl\/?page_id=23"},"modified":"2024-03-08T17:38:11","modified_gmt":"2024-03-08T16:38:11","slug":"ks-mgr-boguslaw-babiarz","status":"publish","type":"page","link":"http:\/\/www.wsd.rzeszow.pl\/?page_id=23","title":{"rendered":"Ks. Bogus\u0142aw Babiarz"},"content":{"rendered":"\n<figure class=\"wp-block-image size-large\"><img loading=\"lazy\" decoding=\"async\" width=\"700\" height=\"250\" src=\"https:\/\/www.wsd.rzeszow.pl\/wp-content\/uploads\/2020\/12\/B.Babiarz-1.png\" alt=\"\" class=\"wp-image-1621\" srcset=\"http:\/\/www.wsd.rzeszow.pl\/wp-content\/uploads\/2020\/12\/B.Babiarz-1.png 700w, http:\/\/www.wsd.rzeszow.pl\/wp-content\/uploads\/2020\/12\/B.Babiarz-1-300x107.png 300w\" sizes=\"auto, (max-width: 700px) 100vw, 700px\" \/><\/figure>\n\n\n\n<p>Urodzi\u0142 si\u0119 20 stycznia 1967 r. w Ja\u015ble. Ucz\u0119szcza\u0142 do Szko\u0142y Podstawowej w Nowym \u017bmigrodzie oraz do Zespo\u0142u Szk\u00f3\u0142 Elektrycznych w Kro\u015bnie (matura 1988 r.). Uko\u0144czy\u0142 Wy\u017csze Seminarium Duchowne w Tarnowie, gdzie formowa\u0142 si\u0119 w latach 1988-1994. \u015awiecenia prezbiteratu przyj\u0105\u0142 w Rzeszowie dnia 21 maja 1994 r. Pe\u0142ni\u0142 pos\u0142ug\u0119 wikariuszowsk\u0105 w nast\u0119puj\u0105cych parafiach: Wielopole Skrzy\u0144skie (1994-1996), Gorlice-Fara (1996- 2004), Rzesz\u00f3w &#8211; Chrystusa Kr\u00f3la (2004-2006). Od 01 wrze\u015bnia 2006 r. prefekt i dyrektor administracyjny WSD w Rzeszowie. Od dnia 12 sierpnia 2014 r. dyrektor Wydzia\u0142u Administracyjnego Kurii Diecezjalnej w Rzeszowie, Ekonom Diecezji Rzeszowskiej oraz Dyrektor Administracyjny WSD Rzeszowie. <\/p>\n\n\n\n<div style=\"height:100px\" aria-hidden=\"true\" class=\"wp-block-spacer\"><\/div>\n","protected":false},"excerpt":{"rendered":"<p>Urodzi\u0142 si\u0119 20 stycznia 1967 r. w Ja\u015ble. Ucz\u0119szcza\u0142 do Szko\u0142y Podstawowej w Nowym \u017bmigrodzie oraz do Zespo\u0142u Szk\u00f3\u0142 Elektrycznych w Kro\u015bnie (matura 1988 r.). Uko\u0144czy\u0142 Wy\u017csze Seminarium Duchowne w Tarnowie, gdzie formowa\u0142 si\u0119 w latach 1988-1994. \u015awiecenia prezbiteratu przyj\u0105\u0142 w Rzeszowie dnia 21 maja 1994 r. Pe\u0142ni\u0142 pos\u0142ug\u0119 wikariuszowsk\u0105 [&hellip;]<\/p>\n","protected":false},"author":16,"featured_media":846,"parent":0,"menu_order":0,"comment_status":"closed","ping_status":"closed","template":"","meta":{"ngg_post_thumbnail":0,"footnotes":""},"class_list":["post-23","page","type-page","status-publish","has-post-thumbnail","hentry"],"_links":{"self":[{"href":"http:\/\/www.wsd.rzeszow.pl\/index.php?rest_route=\/wp\/v2\/pages\/23","targetHints":{"allow":["GET"]}}],"collection":[{"href":"http:\/\/www.wsd.rzeszow.pl\/index.php?rest_route=\/wp\/v2\/pages"}],"about":[{"href":"http:\/\/www.wsd.rzeszow.pl\/index.php?rest_route=\/wp\/v2\/types\/page"}],"author":[{"embeddable":true,"href":"http:\/\/www.wsd.rzeszow.pl\/index.php?rest_route=\/wp\/v2\/users\/16"}],"replies":[{"embeddable":true,"href":"http:\/\/www.wsd.rzeszow.pl\/index.php?rest_route=%2Fwp%2Fv2%2Fcomments&post=23"}],"version-history":[{"count":7,"href":"http:\/\/www.wsd.rzeszow.pl\/index.php?rest_route=\/wp\/v2\/pages\/23\/revisions"}],"predecessor-version":[{"id":14383,"href":"http:\/\/www.wsd.rzeszow.pl\/index.php?rest_route=\/wp\/v2\/pages\/23\/revisions\/14383"}],"wp:featuredmedia":[{"embeddable":true,"href":"http:\/\/www.wsd.rzeszow.pl\/index.php?rest_route=\/wp\/v2\/media\/846"}],"wp:attachment":[{"href":"http:\/\/www.wsd.rzeszow.pl\/index.php?rest_route=%2Fwp%2Fv2%2Fmedia&parent=23"}],"curies":[{"name":"wp","href":"https:\/\/api.w.org\/{rel}","templated":true}]}}

Ks. Bogusław Babiarz

<figure class="wp-block-image size-large"><img loading="lazy" decoding="async" width="700" height="250" src="https://www.wsd.rzeszow.pl/wp-content/uploads/2020/12/B.Babiarz-1.png" alt="" class="wp-image-1621" srcset="http://www.wsd.rzeszow.pl/wp-content/uploads/2020/12/B.Babiarz-1.png 700w, http://www.wsd.rzeszow.pl/wp-content/uploads/2020/12/B.Babiarz-1-300x107.png 300w" sizes="auto, (max-width: 700px) 100vw, 700px" /></figure>



<p>Urodził się 20 stycznia 1967 r. w Jaśle. Uczęszczał do Szkoły Podstawowej w Nowym Żmigrodzie oraz do Zespołu Szkół Elektrycznych w Krośnie (matura 1988 r.). Ukończył Wyższe Seminarium Duchowne w Tarnowie, gdzie formował się w latach 1988-1994. Świecenia prezbiteratu przyjął w Rzeszowie dnia 21 maja 1994 r. Pełnił posługę wikariuszowską w następujących parafiach: Wielopole Skrzyńskie (1994-1996), Gorlice-Fara (1996- 2004), Rzeszów &#8211; Chrystusa Króla (2004-2006). Od 01 września 2006 r. prefekt i dyrektor administracyjny WSD w Rzeszowie. Od dnia 12 sierpnia 2014 r. dyrektor Wydziału Administracyjnego Kurii Diecezjalnej w Rzeszowie, Ekonom Diecezji Rzeszowskiej oraz Dyrektor Administracyjny WSD Rzeszowie. </p>



<div style="height:100px" aria-hidden="true" class="wp-block-spacer"></div>

<p>Urodził się 20 stycznia 1967 r. w Jaśle. Uczęszczał do Szkoły Podstawowej w Nowym Żmigrodzie oraz do Zespołu Szkół Elektrycznych w Krośnie (matura 1988 r.). Ukończył Wyższe Seminarium Duchowne w Tarnowie, gdzie formował się w latach 1988-1994. Świecenia prezbiteratu przyjął w Rzeszowie dnia 21 maja 1994 r. Pełnił posługę wikariuszowską [&hellip;]</p>
